 Let b be o/(-24) + (-3)/4. Suppose -20 = -b*c, h - c - 15 = -2*c. Does 5 divide h?
True
Let a = 118 - 110. Suppose 0 = a*t - 11*t + 12. Suppose -v + r = -55, t*v + 239 = 9*v + 4*r. Is 17 a factor of v?
True
Suppose d + 2*l - 52 = -2*l, -247 = -4*d - 3*l. Suppose 39*n - d = 35*n. Is 16 a factor of n?
True
Suppose -2*k + 3*d = -27469, -3*d + 3571 = 2*k - 23868. Is 47 a factor of k?
False
Suppose 4*p - 8*p = 8. Is 12 a factor of 6276/(-40)*p - (-5)/25?
False
Let y(d) = 48*d**3 - 3*d**2 + 2*d + 3. Let u be y(3). Suppose -1886 = -7*a + u. Suppose 4*j - o = a, -4*o = -j + 5*j - 432. Is j a multiple of 26?
False
Let n be (87/(-9))/((-2)/(-6)). Let c = -29 - n. Suppose -5*b - 13 = -3, -2*f + 2*b + 42 = c. Is f a multiple of 3?
False
Let s be 3*1*(7/7 + 0). Suppose s*w + 4*r + 464 = 0, 0*w = 5*w - 3*r + 783. Let a = w + 291. Is a a multiple of 9?
True
Suppose 82800 = 40*d - 17*d. Is 75 a factor of d?
True
Let d(u) = u**3 + u**2 - u + 10. Let v be d(0). Suppose v*o = 809 + 1231. Is o a multiple of 51?
True
Suppose -38 = 15*f - 98. Suppose f*t + 0*x = 3*x + 1727, 0 = 3*x + 3. Is t a multiple of 29?
False
Suppose 17*a + 718 + 455 = 0. Is 5 - (a - (0 - -3)) a multiple of 8?
False
Let u(n) = n**3 + 11*n**2 + 5*n + 68. Suppose -w + 6 = s + 10, -3*w = -2*s + 37. Is u(w) a multiple of 37?
True
Let d(j) = -148 - 62*j - 68 - 24 + 52 - 44. Is d(-8) a multiple of 22?
True
Does 153 divide (2/(-12) - 0) + (-1043)/126*-3327?
True
Let j = 37 + -81. Let w = j + 45. Suppose 0 = 5*v - w - 119. Is 6 a factor of v?
True
Suppose 24*s - 26952 = 231216. Does 63 divide s?
False
Let l be 8/3*-6*2/8. Let r be ((-3)/4 - 0)*l. Suppose r*h + 5 - 71 = 0. Is h a multiple of 6?
False
Suppose -11*w + 1821 = -8*w. Suppose -9*b + w = -122. Is b a multiple of 5?
False
Suppose 880*j = 1215*j - 12238555. Is j a multiple of 17?
True
Is 17 a factor of 11091854/(-452)*(-3 - -1)?
True
Suppose z = -2*u + 124, -3*z - 206 = -4*u + 42. Does 10 divide (-4 - u/7)*-35?
True
Suppose 3*a - 13 = -2*t, 0*t + 3*a + 11 = t. Suppose 1061 + 1331 = t*r. Does 41 divide r?
False
Suppose -11*j + 5*j + 5628 = -6510. Is 41 a factor of j?
False
Suppose 521 = 2*p - 5*o, -925 - 72 = -4*p - 5*o. Is 20 a factor of p?
False
Let i(w) = 1096*w**3 + w**2 - 11*w + 11. Is 9 a factor of i(1)?
False
Suppose 5*k = -5*d - 40, 3*k - k - 3*d + 6 = 0. Let r(n) = n**3 + 5*n**2 - 15*n + 28. Is r(k) a multiple of 11?
False
Let w(n) = -2*n**3 + 5*n**2 + 4*n + 2. Let z be w(-1). Suppose 2*q + z*t = 7*t + 426, 5*t = -4*q + 897. Does 11 divide q?
False
Let i(n) = -n**2 - 11*n - 11. Let a be i(-11). Let h = 9 + a. Is 4 a factor of 12 + (h/2 - 3)?
True
Let r(s) = 3*s**2 - 267*s + 2359. Is r(98) a multiple of 55?
True
Suppose 5*m = 5, -m - 2*m + 1027 = 4*g. Suppose w + 4*c = 2*c + g, -5*w + 5*c = -1310. Is 26 a factor of w?
True
Let t(l) = -66*l + 1. Suppose -2*j = -6*j + 144. Let u = j + -38. Is t(u) a multiple of 18?
False
Suppose 2*f + 5*q - 5145 = -244, -5*q - 7339 = -3*f. Is (-24)/(-60) + f/5 a multiple of 36?
False
Suppose -147300 = 552*u - 564*u. Does 28 divide u?
False
Let k(f) = -2*f**3 + 26*f**2 - 24*f - 12. Let t(o) = -o**2 + 14*o - 13. Let z be t(12). Does 13 divide k(z)?
True
Is ((29 + 7)/6)/(27/8892) a multiple of 12?
False
Let s(n) = 6*n**2 - 11 + 8*n**2 + 7*n**2 - 3233*n - 13 + 3245*n. Is s(6) a multiple of 33?
False
Suppose -2*u = 2*g - 1410, 2*u + 4*g - 1878 + 464 = 0. Let n = u + -444. Is n a multiple of 7?
True
Let k(i) = 1366*i - 472. Does 40 divide k(12)?
True
Let d = 26 + -32. Is 48 - (22/33)/(4/d) a multiple of 7?
True
Let k = -32 - -32. Suppose k = 3*h - 25 - 20. Suppose h*m + 24 = 17*m. Is m a multiple of 4?
True
Let f be 0 + -1 - 8/(22/(-11)). Suppose 5*v + 4*o = 1404, 3*v + 2*v + f*o - 1403 = 0. Is 35 a factor of v?
True
Let a(p) = -p**2 + 6*p - 2. Let t be a(5). Suppose -2*r - t*r + 2*y = -174, 0 = -2*r - 3*y + 81. Does 9 divide r?
True
Suppose 518 = 2*h - 5*n, -5*h + 10*h - 1272 = n. Let c = -163 + h. Does 21 divide c?
False
Let y = -5906 - -11416. Is y a multiple of 19?
True
Let m = -2295 - -3044. Does 7 divide m?
True
Let c(q) be the first derivative of -q**4/4 + 7*q**3 + 27*q**2/2 - 55*q - 303. Let j = -11 + 33. Is c(j) a multiple of 5?
True
Let o(f) = f**3 + 5*f**2 - 5*f + 10. Let h be o(4). Is (12*(-3)/6)/((-3)/h) a multiple of 11?
False
Let j(w) = 7*w**2 + 34*w - 86. Let i(h) = 19*h**2 + 103*h - 259. Let c(t) = -4*i(t) + 11*j(t). Is c(40) a multiple of 9?
False
Let d be (-8 - (-5796)/24)/(1/2). Let f(h) = 159*h. Let l be f(-2). Let m = d + l. Does 36 divide m?
False
Is 41932/(-33)*(-36 - -18) a multiple of 44?
False
Suppose 65*t - 28209 = -5394. Is t a multiple of 27?
True
Let p = 193 - 195. Is 13 a factor of ((-21)/p)/((-33)/(-572))?
True
Let w = -108 - -197. Suppose 5*b - l - w = 0, 3*b = -l + 42 + 13. Is 4 a factor of (6 - (-64)/(-12))*(b + 0)?
True
Suppose 5*l - 4061 = 3*c - 21, -4*c = -l + 791. Suppose 6*a = l - 139. Is 14 a factor of a?
True
Let r be (8 + 132/(-18))/(1/27). Suppose -20*a + r*a + 416 = 3*x, -5*a + 1040 = -4*x. Does 26 divide a?
True
Suppose 2*z = -h + 226, 11*h - 5*z - 689 = 8*h. Suppose -96 = -3*g + h. Is 3 a factor of g?
True
Let c be 27 - (0 + (4 - 0)). Suppose -583 = -4*f + 5*b, c*b - 21*b - 10 = 0. Does 6 divide f?
False
Suppose -393*t + 1527949 + 1221572 = 228426. Does 5 divide t?
True
Let m(k) = k**2 - 12*k - 8. Let y be m(14). Suppose -y = -10*w + 5*w. Suppose w = h - 148. Is 22 a factor of h?
False
Let p = -45 + 28. Let a(t) = -23*t - 18*t**2 + 28*t**3 - 51*t**3 + 22*t**3 + 5 + 14. Is 18 a factor of a(p)?
False
Let q = -1188 - -5049. Is 13 a factor of q?
True
Let j = -1217 - -6978. Is j a multiple of 15?
False
Suppose 0 = 2*w - 60 - 2. Suppose 0 = -35*h + w*h + 2588. Let t = h - 318. Does 27 divide t?
False
Suppose -11 = -25*r + 24*r + 5*x, 3*x = -4*r + 21. Let s(a) = -2*a + 92. Is 10 a factor of s(r)?
True
Suppose -2*s - 5*a + 32035 = 0, -3*s + 51968 = 2*a + 3954. Is 128 a factor of s?
True
Suppose 0 = 5*s - 2*s - 3*r + 36, -20 = 4*s + 3*r. Let w(t) = 2*t**2 + 26*t + 12. Let d(c) = 3*c**2 + 39*c + 18. Let b(j) = 5*d(j) - 8*w(j). Does 5 divide b(s)?
False
Let v(q) be the third derivative of -q**6/120 - 2*q**5/15 - q**4/3 + 721*q**2 - 2*q. Suppose -6 = f + 1. Is v(f) even?
False
Let c be 45 + 0 + (1 - 2/(-2)). Let w = c - 44. Suppose x - w*q = 134, 0*q = -x - q + 142. Is 14 a factor of x?
True
Let f(k) = -6 + 3*k**2 + 0*k**2 + 11 + 2*k - 4. Does 3 divide f(-2)?
True
Let y(k) = -2*k**2 + k + 1. Let q be y(1). Suppose a + 2*l - 9 = -q*l, a = -l + 8. Is 59 - 2/8*(-28)/a a multiple of 20?
True
Let j be (0 + 6/10)/(50/250). Let r(i) = 6*i - 16. Let s be r(j). Suppose 2*m + 456 = w + 3*w, 0 = -s*w - 2*m + 216. Does 7 divide w?
True
Let w(m) = m**3 + 22*m**2 + 21*m + 20. Let z be w(-22). Let v = z + 1002. Does 10 divide v?
True
Suppose -15 = -3*p, 3*h - 3*p + 0*p - 3543 = 0. Suppose -2*f + 5*s + h = 86, -f = -4*s - 544. Is 20 a factor of f?
True
Suppose -2*n + 346 = -2*b, -4*n - 4*b + 829 = n. Let c = 457 - 531. Let d = n + c. Is d a multiple of 12?
False
Let f(m) = -52 + 23*m**2 + 33 - 3*m - 5*m. Does 7 divide f(-3)?
False
Let z(t) = 13*t**2 - 178*t - 49. Does 3 divide z(28)?
False
Is 36 a factor of (-123)/(-369) - (-25385)/3?
False
Is (-3 - -2 - 45)*(11319/(-6))/11 a multiple of 49?
True
Let f(b) = b**3 + 22*b**2 + 31*b + 177. Let o be f(-19). Let v = o + -587. Is v a multiple of 44?
False
Let z(j) = -5*j**2 + 2*j - 1. Let b be z(3). Let m = -326 + 378. Let q = m + b. Does 5 divide q?
False
Let q = 37 + -42. Let v be (0 - -1)/(44/8 + q). Suppose 5*b + v*u = 183, -2*u = -2*b - 5*u + 82. Is 22 a factor of b?
False
Let a = -4952 + 2761. Let h = a - -3363. Does 59 divide h?
False
Let v(p) = p**2 + 6*p + 1. Let t(x) = -6*x**3 - x**2. Suppose -j = -65 + 66. Let b be t(j). Is 7 a factor of v(b)?
True
Let w be -20 + -2 - (-7)/((-14)/6). Let m = w + 31. Is (9/m)/((-3)/(-644)) a multiple of 41?
False
Let u(i) = -2*i - 5. Let f be u(0). Let g(l) = -14*l + 4. Is g(f) a multiple of 37?
True
Let n be (3 - 6/1)/((-6)/(-8)). Let g = 1 + n. Does 11 divide (6 - -169) + 3 + g?
False
Let r(t) = t**3 - 15*t**2 - 14*t - 30. Let g be r(16). Is -3 + g + 83 + -2 + 4 a multiple of 38?
False
Let t(c) = c**2 - 21*c + 85. Let z be t(16). Suppose -4*k + 5*o = -1549, z*o + 589 = 5*k - 1346. Is k a multiple 